{"id":53,"date":"2021-03-12T20:53:58","date_gmt":"2021-03-12T20:53:58","guid":{"rendered":"http:\/\/www.papuga.cz\/?page_id=53"},"modified":"2026-04-19T19:55:43","modified_gmt":"2026-04-19T19:55:43","slug":"francesco","status":"publish","type":"page","link":"https:\/\/www.papuga.cz\/index.php\/francesco\/","title":{"rendered":"Francesco"},"content":{"rendered":"\n<p style=\"line-height:0.3;font-size:34px\"><strong><em>Za\u010d\u00e1tek dra\u010d\u00ed \u00e9ry<br><\/em><\/strong><\/p>\n\n\n\n<p>Kapitola 1 &#8211; <a href=\"https:\/\/www.papuga.cz\/index.php\/kapitola-prvni-verze-2\/\">Unesena<\/a><br><\/p>\n\n\n\n<p class=\"has-text-color\" style=\"color:#212121\"><\/p>\n\n\n\n<p style=\"line-height:0;font-size:17px\"><strong><em>N\u011bco dal\u0161\u00edho<\/em><\/strong><br><\/p>\n\n\n\n<ul><li><a href=\"https:\/\/www.papuga.cz\/index.php\/the-moon\/\">The Moon<\/a> (anglicky)<\/li><\/ul>\n","protected":false},"excerpt":{"rendered":"<p>Za\u010d\u00e1tek dra\u010d\u00ed \u00e9ry Kapitola 1 &#8211; Unesena N\u011bco dal\u0161\u00edho The Moon (anglicky)<\/p>\n","protected":false},"author":1,"featured_media":0,"parent":0,"menu_order":1,"comment_status":"closed","ping_status":"closed","template":"","meta":[],"_links":{"self":[{"href":"https:\/\/www.papuga.cz\/index.php\/wp-json\/wp\/v2\/pages\/53"}],"collection":[{"href":"https:\/\/www.papuga.cz\/index.php\/wp-json\/wp\/v2\/pages"}],"about":[{"href":"https:\/\/www.papuga.cz\/index.php\/wp-json\/wp\/v2\/types\/page"}],"author":[{"embeddable":true,"href":"https:\/\/www.papuga.cz\/index.php\/wp-json\/wp\/v2\/users\/1"}],"replies":[{"embeddable":true,"href":"https:\/\/www.papuga.cz\/index.php\/wp-json\/wp\/v2\/comments?post=53"}],"version-history":[{"count":37,"href":"https:\/\/www.papuga.cz\/index.php\/wp-json\/wp\/v2\/pages\/53\/revisions"}],"predecessor-version":[{"id":762,"href":"https:\/\/www.papuga.cz\/index.php\/wp-json\/wp\/v2\/pages\/53\/revisions\/762"}],"wp:attachment":[{"href":"https:\/\/www.papuga.cz\/index.php\/wp-json\/wp\/v2\/media?parent=53"}],"curies":[{"name":"wp","href":"https:\/\/api.w.org\/{rel}","templated":true}]}}